111000001?
-101000001001110001
In base 13, what is 537382 - -b?
537390
In base 13, what is -18a31a5 + -1?
-18a31a6
In base 2, what is -111 - -100111111000000011100?
100111111000000010101
In base 6, what is -2005 - 10023423?
-10025432
In base 16, what is 2 - -de8ca33?
de8ca35
In base 13, what is -16 + 26cb3c9?
26cb3b3
In base 6, what is -1134105 - -200?
-1133505
In base 6, what is -1 + -5441113541?
-5441113542
In base 11, what is 4 + 266210?
266214
In base 14, what is -dc1c0 + -813?
-dc9d3
In base 7, what is -413 - 250420?
-251133
In base 14, what is -726d - 17b0?
-8a3d
In base 11, what is 862915 + -6?
86290a
In base 6, what is -1 - -30522224?
30522223
In base 14, what is 895 + -7dab4?
-7d21d
In base 9, what is 637 - 25700?
-25052
In base 7, what is 124613 + -24653?
66630
In base 11, what is -5110a9 + a?
-51109a
In base 14, what is 986 + dd91?
10937
In base 10, what is -174751 - -330?
-174421
In base 14, what is -c + 2741ad0?
2741ac2
In base 11, what is 67375a + 4?
673763
In base 15, what is -a + 57c38b?
57c381
In base 5, what is 4 + -31242440211?
-31242440202
In base 5, what is -41000441 + 11?
-41000430
In base 13, what is -2200c + -4649?
-26658
In base 4, what is 1121313333 - 200?
1121313133
In base 2, what is -11001 - 1110000100100001100100001?
-1110000100100001100111010
In base 2, what is 11111110101100010100010000 - -1110?
11111110101100010100011110
In base 12, what is 37b9b3 + -2?
37b9b1
In base 3, what is 1022101002 - -2120?
1022110122
In base 15, what is 29e7 - 306?
26e1
In base 10, what is 9 - 12650032?
-12650023
In base 2, what is -11 + 101010011110001000101100?
101010011110001000101001
In base 15, what is 6 + b531b?
b5322
In base 11, what is -12a75 - -46?
-12a2a
In base 4, what is -1111 - -303230210?
303223033
In base 6, what is -205431153 + -1?
-205431154
In base 7, what is -12024454 - 603?
-12025360
In base 13, what is -3 - -16523435?
16523432
In base 5, what is -10 + -12132224112?
-12132224122
In base 8, what is -2376 + -177552?
-202150
In base 10, what is -4479 + -1297?
-5776
In base 5, what is -1140411 - 1332131?
-3023042
In base 15, what is 6 - -272574?
27257a
In base 14, what is 37 + -10c965a?
-10c9623
In base 16, what is 1109f - a2?
10ffd
In base 9, what is -1817424 + -375?
-1817810
In base 12, what is -1092 - -1a?
-1074
In base 13, what is abb75 - 111a?
aaa58
In base 16, what is 1 + -32afb25?
-32afb24
In base 16, what is a9fab0 - -4?
a9fab4
In base 5, what is 10 - 302034333340?
-302034333330
In base 13, what is 79230 - 6?
79227
In base 4, what is -3323 + 13303030?
13233101
In base 15, what is 7 + -50a?
-503
In base 15, what is -376 - -203e1?
2006a
In base 14, what is 1a598 + -232?
1a366
In base 9, what is 560771 - -22?
560803
In base 4, what is -11301 - 11232200?
-11310101
In base 14, what is 6060 - -b9?
6139
In base 12, what is -7 - 67123b5?
-6712400
In base 12, what is 30bb00 + 2?
30bb02
In base 12, what is 893b6b2 + -3?
893b6ab
In base 12, what is 3b20b00b + -9?
3b20b002
In base 16, what is 14 - 903c?
-9028
In base 16, what is -52be90f - -4?
-52be90b
In base 16, what is -1 - -4813fb6?
4813fb5
In base 3, what is -1001210001020222 + -100?
-1001210001021022
In base 3, what is -1011101110210 + 100012?
-1011101010121
In base 8, what is -5574636727 - 1?
-5574636730
In base 4, what is 1030022012320 + 0?
1030022012320
In base 6, what is 1 + 1453353450?
1453353451
In base 10, what is 352263 - -21?
352284
In base 5, what is -323133330 - 10?
-323133340
In base 13, what is 39 + 28524b?
285287
In base 12, what is 1a + 2751ba2?
2752000
In base 5, what is 143402421 + 1412?
143404333
In base 11, what is 545 + -40281?
-3a837
In base 3, what is 121210221 + -20120001?
101020220
In base 14, what is 4a4 - 2ab5?
-2611
In base 5, what is -10420112242 + -43?
-10420112340
In base 16, what is -e23d + -f96?
-f1d3
In base 4, what is -10201 + 1332122?
1321321
In base 13, what is -2 - 5914c6?
-5914c8
In base 7, what is -230121043 - 52?
-230121125
In base 10, what is -2 - 7013515?
-7013517
In base 12, what is 1 - 128278?
-128277
In base 14, what is 57838a1 + -4?
578389b
In base 4, what is 130013213010 - 1?
130013213003
In base 15, what is 85 - -80cc23?
80cca8
In base 4, what is 31201 - -11000121000?
11000212201
In base 3, what is -111210021 - -201111021?
12201000
In base 11, what is 99453 - -21?
99474
In base 5, what is 1 + -10040410212?
-10040410211
In base 12, what is b99537 - 43?
b994b4
In base 11, what is 5 - -3185348?
3185352
In base 10, what is -9727618 + 5?
-9727613
In base 4, what is -300320113 + -1330?
-300322103
In base 6, what is 4412355 - 5535?
4402420
In base 12, what is 3956 + -1a167?
-16411
In base 13, what is 837b3 - -130?
83913
In base 9, what is -46162 + -30806?
-77068
In base 15, what is 53795 + 5?
5379a
In base 6, what is 25550554 + -120?
25550434
In base 15, what is 208a + -87e?
170b
In base 10, what is -259391770 + 5?
-259391765
In base 15, what is -16e21e59 + 2?
-16e21e57
In base 2, what is -111011 - 1111111011100111101100?
-1111111011101000100111
In base 3, what is 10 - -2020212001120002?
2020212001120012
In base 8, what is -15634123 + -152?
-15634275
In base 15, what is -3b - -1c755?
1c719
In base 10, what is -4 + 6567282?
6567278
In base 16, what is -ff + 19c42?
19b43
In base 5, what is -20 + 431340421?
431340401
In base 7, what is 4563146523 - -5?
4563146531
In base 3, what is 22101 - -1002101121?
1002200222
In base 13, what is 3130b1 - -3?
3130b4
In base 4, what is -3 - 2122001330?
-2122001333
In base 11, what is 3248 - -21a47?
25194
In base 6, what is 135405 + 12253?
152102
In base 3, what is -10120 + -112122110222?
-112122121112
In base 9, what is 1638612 + 2?
1638614
In base 5, what is -10 + 31313144123?
31313144113
In base 10, what is -51964665 - -5?
-51964660
In base 6, what is 52035500 + 32?
52035532
In base 7, what is 615066 + 13212?
631311
In base 5, what is 2 + 11232421214?
11232421221
In base 6, what is -52 - -25242023?
25241531
In base 13, what is -6879a7 + 9?
-68799b
In base 5, what is -2241 - 4413344?
-4421140
In base 12, what is -5 + -71b86a6?
-71b86ab
In base 8, what is 4 - 222575360?
-222575354
In base 11, what is 26858192 + -6?
26858187
In base 3, what is -221 - -2120212201202?
2120212200211
In base 7, what is 105 + 53502112?
53502220
In base 13, what is -691c0c0 - -8?
-691c0b5
In base 3, what is -121022 + -122212210?
-200111002
In base 16, what is 2dbd92a + -2?
2dbd928
In base 7, what is -5561335 + 2152?
-5556153
In base 3, what is -201202122 + -2002?
-201211201
In base 11, what is -378455 - -a?
-378446
In base 5, what is -10 - 21020022044?
-21020022104
In base 11, what is 4 + 1110497?
11104a0
In base 10, what is -100 + 1942072?
1941972
In base 11, what is -2780 + -7554?
-a224
In base 13, what is -316b3 - -454?
-3125c
In base 16, what is -1 + 3eab72?
3eab71
In base 3, what is -211012212 - -10020011?
-200222201
In base 15, what is -3e1e2115 - 5?
-3e1e211a
In base 7, what is 4 + -10655225?
-10655221
In base 12, what is 72416 + -101?
72315
In base 16, what is -b - -dd9475?
dd946a
In base 11, what is -4 - a25a89a?
-a25a8a3
In base 9, what is -171710 + 85?
-171614
In base 9, what is 5 + 3823504?
3823510
In base 10, what is -1756988 - 2?
-1756990
In base 5, what is -303110030021 + -4?
-303110030030
In base 12, what is -3 - 10aba02a?
-10aba031
In base 9, what is 140 + 154433?
154573
In base 10, what is 2116134 - 6?
2116128
In base 14, what is 2c0d81 + -9?
2c0d76
In base 3, what is -21002201211210 + 0?
-21002201211210
In base 16, what is 46 - 148fad?
-148f67
In base 3, what is -212101200112012 + 21?
-212101200111221
In base 15, what is 123a + -1bb38?
-1a8ed
In base 16, what is -a71 + -38db?
-434c
In base 11, what is 72533 - -84a?
73282
In base 5, what is -13 - -14341024?
14341011
In base 10, what is -15 - -19410322?
19410307
In base 7, what is -525062615 + 1?
-525062614
In base 13, what is 1189 - -a043?
b1cc
In base 7, what is 634446 - 14661?
616455
In base 11, what is -98 - 272767?
-272854
In base 14, what is 5 - 14b9db?
-14b9d6
In base 2, what is -1101 - -10111010110101100111001?
10111010110101100101100
In base 9, what is 2 + -44558780?
-44558777
In base 7, what is 1 - -362132566?
362132600
In base 2, what is -10000000 + 110100110000011001001?
110100110000001001001
In base 14, what is 74 + 7032?
70a6
In base